
Let o(w) = 4*w - 3. What is o(-3)?
-15
Let v(a) = -a**3 - 8*a**2 + 2*a + 5. Give v(-8).
-11
Let q(n) = 5*n**2 - n - 1. Calculate q(-1).
5
Let c(y) = 4*y - 51. What is c(30)?
69
Let z(b) = b**3 + 5*b**2 + 5*b + 5. What is z(-3)?
8
Let l(w) = -w**2 + w + 2. What is l(5)?
-18
Let z(l) = l**3 - 5*l**2 - 16*l - 10. Calculate z(8).
54
Let h(q) = q**2 + 15*q - 185. Give h(-23).
-1
Let d(f) = f**3 + 4*f**2 - 3*f + 3. What is d(-5)?
-7
Let o(r) = -r**3 - 31*r**2 + 65*r - 23. What is o(-33)?
10
Let p(o) = -o**3 - o**2 + 2. Give p(-2).
6
Let c(p) = -p**2 - 13*p - 6. What is c(-9)?
30
Let t(s) = -40*s - 557. Calculate t(-14).
3
Let g(z) = z**2 - 5*z - 6. Calculate g(4).
-10
Let v(u) = -u**2 + 6*u - 4. Calculate v(4).
4
Let r(k) = k**2 + 9*k - 5. Determine r(-7).
-19
Let q(b) = 5*b - 12. Give q(4).
8
Let g(n) = 2*n**2 + 18*n - 4. Calculate g(-9).
-4
Let h(s) = -19*s + 285. What is h(15)?
0
Let b(a) = -a**2 + 19*a + 223. Calculate b(-9).
-29
Let a(v) = v**2 + 9*v - 19. Calculate a(-8).
-27
Let c(u) = 2*u**2. Give c(-2).
8
Let g(x) = 2*x**3 + 11*x**2 + 8*x + 2. Calculate g(-5).
-13
Let a(t) = t**3 - t**2 - 2*t - 5. Give a(3).
7
Let x(t) = 2*t**3 - t**2 - 43*t - 81. Calculate x(-2).
-15
Let o(v) = v**3 + 12*v**2 - 5*v. What is o(-13)?
-104
Let d(a) = -a**2 - 4*a + 8. Give d(-8).
-24
Let z(m) = -m**3 + 7*m**2 + 20*m - 23. What is z(9)?
-5
Let q(r) = -2*r**2 - 3*r. Determine q(-2).
-2
Let n(p) = -2*p**2 + 16*p - 17. Give n(6).
7
Let j(a) = a - 3. Give j(-13).
-16
Let s(u) = -2*u + 23. Give s(15).
-7
Let k(b) = -b**3 - 3*b**2 - 2*b + 2. Calculate k(-2).
2
Let t(m) = m**3 + 7*m**2 + 6*m + 13. Give t(-4).
37
Let d(m) = -m - 4. Give d(2).
-6
Let o(h) = -h**2 + 33*h - 184. Give o(7).
-2
Let l(s) = -3*s**2 + s + 3. Give l(-2).
-11
Let t(v) = v**2 - 2*v - 64. Calculate t(-7).
-1
Let c(p) = -p + 4. Determine c(8).
-4
Let p(q) = 7*q. Calculate p(1).
7
Let g(x) = -4*x - 62. What is g(-10)?
-22
Let s(c) = c**3 - 5*c**2 - 8*c - 5. Calculate s(6).
-17
Let n(d) = d**3 + d - 19. What is n(0)?
-19
Let a(p) = p**2 - 13*p + 14. Give a(11).
-8
Let x(r) = -r**3 + 4*r**2 + 3*r - 8. Give x(3).
10
Let x(h) = 20*h - 2. Determine x(-1).
-22
Let n(l) = -l**2 + l - 4. Calculate n(4).
-16
Let k(a) = a**2 + 16*a - 9. Give k(-13).
-48
Let b(r) = r**2 + 7*r + 5. What is b(-5)?
-5
Let n(d) = d**3 + 7*d**2 + 8*d + 7. Calculate n(-7).
-49
Let x(c) = -c**3 + 24*c**2 - 24*c + 19. Give x(23).
-4
Let g(b) = -b**3 - 16*b**2 - 57*b - 5. Determine g(-6).
-23
Let y(a) = a - 5. Give y(-2).
-7
Let w(z) = -2*z**2 - 71*z + 53. Give w(-36).
17
Let o(z) = -z**2 + 12*z - 14. What is o(8)?
18
Let z(a) = 3*a + 4. Give z(-6).
-14
Let l(v) = v**3 - v**2 - 12*v + 6. Give l(-3).
6
Let n(l) = 2*l**3 - 9*l**2 - 6*l - 3. Give n(5).
-8
Let g(r) = r**2 - 7*r + 5. Give g(6).
-1
Let h(u) = -10*u + 53. Calculate h(5).
3
Let w(q) = -2*q**3 + 10*q**2 + 13*q - 1. What is w(6)?
5
Let a(b) = 25*b - 2. What is a(2)?
48
Let u(t) = -37*t - 7. Give u(-2).
67
Let m(t) = -t**3 - 4*t**2 - 3*t + 3. Give m(-3).
3
Let m(s) = 3*s + 6. Determine m(6).
24
Let g(i) = i**2 - 10*i - 2. Determine g(6).
-26
Let w(p) = 3*p**2 + 2*p - 2. What is w(-2)?
6
Let g(w) = w**3 - 6*w**2 + 20*w - 65. Give g(5).
10
Let o(z) = -z**3 + 28*z**2 - 53*z + 29. Determine o(26).
3
Let v(t) = 3*t + 17. Calculate v(-8).
-7
Let y(r) = -r**2 + r - 27. Give y(-6).
-69
Let y(z) = 6*z**2 - 16*z + 16. Calculate y(2).
8
Let u(a) = -a**3 - 6*a**2 - a - 6. What is u(-5)?
-26
Let a(w) = 5*w + 110. Determine a(-23).
-5
Let o(z) = z**3 + 5*z**2 - 8*z - 12. Give o(-6).
0
Let j(o) = 4*o + 13. What is j(-3)?
1
Let n(s) = -4*s**2 - 3*s + 3. Determine n(-3).
-24
Let j(u) = -u**2 + 11*u - 10. Determine j(9).
8
Let c(n) = -8*n + 28. What is c(4)?
-4
Let b(g) = -g**2 + g + 3. Determine b(-2).
-3
Let d(y) = -3*y**2 - 23*y + 42. What is d(2)?
-16
Let g(m) = -2*m**3 + 21*m**2 + 32*m + 50. Determine g(12).
2
Let r(v) = 6*v**3 + 4*v + 4. Give r(-2).
-52
Let o(v) = -v**3 + 34*v**2 + 29*v + 191. Calculate o(35).
-19
Let r(y) = 2*y**3 + 31*y**2 + 17*y + 47. Calculate r(-15).
17
Let z(a) = -2*a**2 + 3*a - 4. Calculate z(-3).
-31
Let m(x) = -x**2 + 11*x + 4. Calculate m(9).
22
Let a(u) = -16*u**3 - 2*u**2 + 5*u - 2. What is a(1)?
-15
Let k(p) = -5*p**2 - 74*p + 107. Determine k(-16).
11
Let h(o) = 2*o**2 + 3*o - 12. Determine h(2).
2
Let y(x) = -x**3 + 16*x**2 - 11. Give y(16).
-11
Let t(n) = n**2 + 12*n - 18. What is t(-14)?
10
Let u(i) = 8*i + 1. Calculate u(-1).
-7
Let l(m) = -14*m + 33. What is l(4)?
-23
Let z(u) = -u**2 + 39*u + 74. Give z(-2).
-8
Let p(d) = d**3 - 45*d**2 + 125*d + 52. Determine p(42).
10
Let s(v) = 5*v - 114. Give s(15).
-39
Let a(y) = 2*y**3 - 35*y**2 + 17*y + 4. Give a(17).
4
Let f(r) = -2*r**3 - 9*r**2 - r + 9. Determine f(-4).
-3
Let b(q) = q**3 - 8*q**2 + 2. Calculate b(8).
2
Let y(c) = c**3 + 13*c**2 + 26*c + 46. Determine y(-11).
2
Let i(a) = -a - 41. What is i(-6)?
-35
Let u(x) = -x**2 + 2. What is u(2)?
-2
Let q(v) = -6*v**2 - 4*v + 3. What is q(3)?
-63
Let b(w) = -14*w - 5. Give b(-1).
9
Let o(s) = s + 8. Give o(-10).
-2
Let i(k) = -k**3 - 7*k**2 + k. Calculate i(-7).
-7
Let v(j) = 6*j - 43. Calculate v(6).
-7
Let f(j) = -j**2 - 16*j + 30. Determine f(-18).
-6
Let y(n) = n**2 - 4*n + 11. Determine y(2).
7
Let u(g) = -g**3 + 24*g**2 - 22*g - 8. What is u(23)?
15
Let d(x) = x**3 - 4*x**2 - 5*x + 4. Calculate d(4).
-16
Let p(r) = -r**2 + 10*r - 7. Give p(10).
-7
Let n(q) = -14*q + 2. What is n(-1)?
16
Let o(r) = -17*r**2 + 70*r - 15. What is o(4)?
-7
Let r(n) = -n**3 - 13*n**2 - 33*n - 22. What is r(-10)?
8
Let o(w) = -w + 14. Determine o(0).
14
Let w(n) = n**3 - 21*n**2 + 23*n - 22. Give w(20).
38
Let m(j) = 8*j - 11. Give m(9).
61
Let h(k) = k**2 - 19*k + 13. Determine h(12).
-71
Let s(h) = h - 1. Calculate s(4).
3
Let i(k) = k**3 - 5*k**2 + 6*k - 4. What is i(3)?
-4
Let b(d) = 2*d**2 - 7*d - 4. What is b(4)?
0
Let z(v) = -3*v**3 + 3*v**2 - 4*v - 3. Calculate z(-2).
41
Let z(l) = l**3 - l**2 - 4*l. What is z(3)?
6
Let s(y) = y**3 - 3*y**2 + 7. What is s(3)?
7
Let o(h) = -h + 8. Calculate o(6).
2
Let v(c) = -c**3 - 11*c**2 - 8*c - 5. What is v(-7)?
-145
Let k(n) = -7*n - 116. What is k(-27)?
73
Let b(a) = 10*a - 115. Determine b(12).
5
Let z(t) = t**2 + 11*t + 26. What is z(-9)?
8
Let s(u) = 19*u + 23. Give s(-1).
4
Let u(x) = -69*x. Give u(0).
0
Let f(t) = -3*t - 27. What is f(-8)?
-3
Let s(x) = -5*x + 309. Determine s(62).
-1
Let l(h) = h**3 - 8*h**2 - 4*h - 21. Calculate l(9).
24
Let x(k) = k**2 - 7*k + 10. Calculate x(5).
0
Let y(s) = 8*s - 37. Calculate y(7).
19
Let v(i) = -16*i**2 + 2*i + 2. Calculate v(-1).
-16
Let h(f) = -f**2 + f. What is h(1)?
0
Let h(q) = 2*q - 21. Calculate h(-13).
-47
Let i(u) = -u**3 + u**2 - 3*u + 4. Determine i(3).
-23
Let o(q) = -q**3 - 7*q**2 - 3*q + 19. Give o(-6).
1
Let d(k) = -2*k**3 - 18*k**2 - 3*k - 8. Calculate d(-9).
19
Let k(g) = -g**3 + 7*g**2 - 7*g + 2. Give k(6).
-4
Let k(f) = -f**3 - 7*f**2 - 9*f - 1. Give k(-5).
-6
Let l(y) = -2*y**2 + 8*y - 14. Calculate l(8).
-78
Let u(b) = 11*b - 25. Give u(0).
-25
Let z(u) = -u**3 + 31*u**2 + 63*u + 110. What is z(33)?
11
Let f(q) = 17*q**3 + q**2 - 2*q + 1. What is f(1)?
17
Let h(k) = 2*k**3 + 6*k**2 - 2. Determine h(-3).
-2
Let k(s) = -10*s + 10. What is k(10)?
-90
Let i(v) = -6*v + 67. Calculate i(11).
1
Let q(p) = 2*p**2 + 2*p + 1. What is q(-1)?
1
Let m(a) = a**3 - 6*a**2 + 3*a - 1. Calculate m(6).
17
Let r(n) = -10*n - 17. Calculate r(-2).
3
Let z(i) = i**2 + 4*i - 1. What is z(-4)?
-1
Let u(w) = -2*w + 3. What is u(-3)?
9
Let z(m) = -m**3 + 7*m**2 - 5*m - 3. What is z(4)?
25
Let i(h) = 55*h + 502. Determine i(-9).
7
Let z(c) = c**2 + 3*c - 49. Give z(6).
5
Let y(q) = 2*q**3 - 3*q**2 + 3*q - 2. Give y(-3).
-92
Let n(x) = -6*x**2 + 3*x + 3. Give n(3).
-42
Let h(a) = -a**3 - 8*a**2 - 10*a - 21. Calculate h(-7).
0
Let x(t) = -12*t**2 - 40*t - 7. Determine x(-3).
5
Let z(i) = i**2 - 2*i + 5. Determine z(3).
8
Let f(r) = 4*r**2 + 6. Calculate f(3).
42
Let z(f) = -3*f**2 - 12*f + 4. Calculate z(-4).
4
Let h(k) = -k**3 - k**2 + 15*k + 9. Determine h(-5).
34
Let s(b) = -21*b + 374. Determine s(18).
-4
Let u(q) = 51*q - 156. Give u(3).
-3
Let l(z) = z**2 - 16*z + 11. Give l(7).
-52
Let k(t) = t**3 + 3*t**2 - 5*t - 3. What is k(-4)?
1
Let b(a) = 8*a + 4. Give b(-3).
-20
Let g(k)